{"id":51,"date":"2016-10-06T11:37:49","date_gmt":"2016-10-06T11:37:49","guid":{"rendered":"http:\/\/arestaaocubo.com\/inicio\/?page_id=51"},"modified":"2016-10-06T20:04:04","modified_gmt":"2016-10-06T20:04:04","slug":"ensino","status":"publish","type":"page","link":"https:\/\/arestaaocubo.com\/inicio\/ensino\/","title":{"rendered":"Ensino"},"content":{"rendered":"<div id=\"pl-51\"  class=\"panel-layout\" ><div id=\"pg-51-0\"  class=\"panel-grid panel-no-style\" ><div id=\"pgc-51-0-0\"  class=\"panel-grid-cell\" ><div id=\"panel-51-0-0-0\" class=\"so-panel widget widget_sow-editor panel-first-child panel-last-child\" data-index=\"0\" ><div\n\t\t\t\n\t\t\tclass=\"so-widget-sow-editor so-widget-sow-editor-base\"\n\t\t\t\n\t\t>\n<div class=\"siteorigin-widget-tinymce textwidget\">\n\t<h2><strong>Ensino B\u00e1sico<\/strong><\/h2>\n<p style=\"text-align: justify;\">Sendo no ensino b\u00e1sico que se desenvolvem as aprendizagens que s\u00e3o a base fundamental para todas as aquisi\u00e7\u00f5es futuras, o Aresta ao Cubo prop\u00f5e-se ajudar os alunos atrav\u00e9s de um acompanhamento di\u00e1rio, nomeadamente no apoio aos trabalhos de casa, na resolu\u00e7\u00e3o de exerc\u00edcios, no esclarecimento de d\u00favidas e na consolida\u00e7\u00e3o das mat\u00e9rias lecionadas, preparando-os e motivando-os para os bons resultados dos testes e exames nacionais.<\/p>\n<ul>\n<li>Aulas em grupo (3 a 4 alunos)<\/li>\n<li>Dispomos de v\u00e1rios planos mensais, de acordo com as necessidades do aluno<\/li>\n<\/ul>\n<h2><strong>Ensino Secund\u00e1rio<\/strong><\/h2>\n<p style=\"text-align: justify;\">Sendo esta uma etapa decisiva no percurso acad\u00e9mico de qualquer aluno e onde se definem os diferentes percursos e op\u00e7\u00f5es futuras, o nosso objetivo \u00e9 principalmente auxiliar o aluno na procura do seu sucesso.<\/p>\n<p style=\"text-align: justify;\">Procuramos, atrav\u00e9s de um plano previamente delineado, preparar o aluno para todos os testes e exames nacionais, na \u00f3tica da obten\u00e7\u00e3o do sucesso e do melhor posicionamento poss\u00edvel na candidatura ao ensino superior.<\/p>\n<ul>\n<li>Aulas Individuais<\/li>\n<li>Aulas em grupo (3 a 4 alunos)<\/li>\n<li>Dispomos de v\u00e1rios planos mensais, de acordo com as necessidades do aluno.<\/li>\n<\/ul>\n<\/div>\n<\/div><\/div><\/div><div id=\"pgc-51-0-1\"  class=\"panel-grid-cell\" ><div id=\"panel-51-0-1-0\" class=\"so-panel widget widget_black-studio-tinymce widget_black_studio_tinymce panel-first-child\" data-index=\"1\" ><h3 class=\"widget-title\">Parceiros<\/h3><div class=\"textwidget\"><p><img loading=\"lazy\" decoding=\"async\" class=\"alignnone size-full wp-image-101\" src=\"https:\/\/arestaaocubo.com\/inicio\/wp-content\/uploads\/2016\/10\/logointerprev.gif\" alt=\"logointerprev\" width=\"268\" height=\"62\" \/><\/p>\n<\/div><\/div><div id=\"panel-51-0-1-1\" class=\"so-panel widget widget_black-studio-tinymce widget_black_studio_tinymce panel-last-child\" data-index=\"2\" ><h3 class=\"widget-title\">O Centro<\/h3><div class=\"textwidget\"><p>\n<div class=\"ngg-galleryoverview\" id=\"ngg-gallery-a8ad93ee787bb57c7b93cff8b30b82e2-51\">\n\n\t\t\n\t<!-- Thumbnails -->\n\t\t\t\t\n\t<div id=\"ngg-image-1\" class=\"ngg-gallery-thumbnail-box\" \n\t\t\t\t\t\t\t\t\tstyle=\"width:50%;\"\t>\n\t\t<div class=\"ngg-gallery-thumbnail\" >\n\t\t\t<a href=\"\n\t\t\thttps:\/\/arestaaocubo.com\/inicio\/wp-content\/gallery\/imagens_do_centro\/1.png\t\t\t\"\n\t\t\t\ttitle=\" \"\n\t\t\t\tclass=\"ngg-fancybox\" rel=\"a8ad93ee787bb57c7b93cff8b30b82e2\" data-image-id=\"1\" data-src=\"https:\/\/arestaaocubo.com\/inicio\/wp-content\/gallery\/imagens_do_centro\/1.png\" data-thumbnail=\"https:\/\/arestaaocubo.com\/inicio\/wp-content\/gallery\/imagens_do_centro\/thumbs\/thumbs_1.png\" data-title=\"1\" data-description=\" \"\t\t\t\t>\n\t\t\t\t\t\t\t\t<img title=\"1\" alt=\"1\" src=\"\n\t\t\t\t\t\t\t\t\t\thttps:\/\/arestaaocubo.com\/inicio\/wp-content\/gallery\/imagens_do_centro\/thumbs\/thumbs_1.png\t\t\t\t\" \n\t\t\t\t\twidth='240' height='160'\t\t\t\t\/>\n\t\t\t\t\t\t\t<\/a>\n\t\t<\/div>\n\t<\/div>\n\n\t\t\t\t\t\t\t\t\t\t\t\t\t\t\n\t\n\t<div id=\"ngg-image-2\" class=\"ngg-gallery-thumbnail-box\" \n\t\t\t\t\t\t\t\t\tstyle=\"width:50%;\"\t>\n\t\t<div class=\"ngg-gallery-thumbnail\" >\n\t\t\t<a href=\"\n\t\t\thttps:\/\/arestaaocubo.com\/inicio\/wp-content\/gallery\/imagens_do_centro\/2.png\t\t\t\"\n\t\t\t\ttitle=\" \"\n\t\t\t\tclass=\"ngg-fancybox\" rel=\"a8ad93ee787bb57c7b93cff8b30b82e2\" data-image-id=\"2\" data-src=\"https:\/\/arestaaocubo.com\/inicio\/wp-content\/gallery\/imagens_do_centro\/2.png\" data-thumbnail=\"https:\/\/arestaaocubo.com\/inicio\/wp-content\/gallery\/imagens_do_centro\/thumbs\/thumbs_2.png\" data-title=\"2\" data-description=\" \"\t\t\t\t>\n\t\t\t\t\t\t\t\t<img title=\"2\" alt=\"2\" src=\"\n\t\t\t\t\t\t\t\t\t\thttps:\/\/arestaaocubo.com\/inicio\/wp-content\/gallery\/imagens_do_centro\/thumbs\/thumbs_2.png\t\t\t\t\" \n\t\t\t\t\twidth='240' height='160'\t\t\t\t\/>\n\t\t\t\t\t\t\t<\/a>\n\t\t<\/div>\n\t<\/div>\n\n\t\t\t\t\t\t\t\t\t\t\t\t\t<br style=\"clear: both\" \/>\n\t\t\t\t\t\t\n\t\n\t<div id=\"ngg-image-3\" class=\"ngg-gallery-thumbnail-box\" \n\t\t\t\t\t\t\t\t\tstyle=\"width:50%;\"\t>\n\t\t<div class=\"ngg-gallery-thumbnail\" >\n\t\t\t<a href=\"\n\t\t\thttps:\/\/arestaaocubo.com\/inicio\/wp-content\/gallery\/imagens_do_centro\/3.png\t\t\t\"\n\t\t\t\ttitle=\" \"\n\t\t\t\tclass=\"ngg-fancybox\" rel=\"a8ad93ee787bb57c7b93cff8b30b82e2\" data-image-id=\"3\" data-src=\"https:\/\/arestaaocubo.com\/inicio\/wp-content\/gallery\/imagens_do_centro\/3.png\" data-thumbnail=\"https:\/\/arestaaocubo.com\/inicio\/wp-content\/gallery\/imagens_do_centro\/thumbs\/thumbs_3.png\" data-title=\"3\" data-description=\" \"\t\t\t\t>\n\t\t\t\t\t\t\t\t<img title=\"3\" alt=\"3\" src=\"\n\t\t\t\t\t\t\t\t\t\thttps:\/\/arestaaocubo.com\/inicio\/wp-content\/gallery\/imagens_do_centro\/thumbs\/thumbs_3.png\t\t\t\t\" \n\t\t\t\t\twidth='240' height='160'\t\t\t\t\/>\n\t\t\t\t\t\t\t<\/a>\n\t\t<\/div>\n\t<\/div>\n\n\t\t\t\t\t\t\t\t\t\t\t\t\t\t\n\t\n\t<div id=\"ngg-image-4\" class=\"ngg-gallery-thumbnail-box\" \n\t\t\t\t\t\t\t\t\tstyle=\"width:50%;\"\t>\n\t\t<div class=\"ngg-gallery-thumbnail\" >\n\t\t\t<a href=\"\n\t\t\thttps:\/\/arestaaocubo.com\/inicio\/wp-content\/gallery\/imagens_do_centro\/4.png\t\t\t\"\n\t\t\t\ttitle=\" \"\n\t\t\t\tclass=\"ngg-fancybox\" rel=\"a8ad93ee787bb57c7b93cff8b30b82e2\" data-image-id=\"4\" data-src=\"https:\/\/arestaaocubo.com\/inicio\/wp-content\/gallery\/imagens_do_centro\/4.png\" data-thumbnail=\"https:\/\/arestaaocubo.com\/inicio\/wp-content\/gallery\/imagens_do_centro\/thumbs\/thumbs_4.png\" data-title=\"4\" data-description=\" \"\t\t\t\t>\n\t\t\t\t\t\t\t\t<img title=\"4\" alt=\"4\" src=\"\n\t\t\t\t\t\t\t\t\t\thttps:\/\/arestaaocubo.com\/inicio\/wp-content\/gallery\/imagens_do_centro\/thumbs\/thumbs_4.png\t\t\t\t\" \n\t\t\t\t\twidth='240' height='160'\t\t\t\t\/>\n\t\t\t\t\t\t\t<\/a>\n\t\t<\/div>\n\t<\/div>\n\n\t\t\t\t\t\t\t\t\t\t\t\t\t<br style=\"clear: both\" \/>\n\t\t\t\t\t\t\n\t\n\t<div id=\"ngg-image-5\" class=\"ngg-gallery-thumbnail-box\" \n\t\t\t\t\t\t\t\t\tstyle=\"width:50%;\"\t>\n\t\t<div class=\"ngg-gallery-thumbnail\" >\n\t\t\t<a href=\"\n\t\t\thttps:\/\/arestaaocubo.com\/inicio\/wp-content\/gallery\/imagens_do_centro\/5.png\t\t\t\"\n\t\t\t\ttitle=\" \"\n\t\t\t\tclass=\"ngg-fancybox\" rel=\"a8ad93ee787bb57c7b93cff8b30b82e2\" data-image-id=\"5\" data-src=\"https:\/\/arestaaocubo.com\/inicio\/wp-content\/gallery\/imagens_do_centro\/5.png\" data-thumbnail=\"https:\/\/arestaaocubo.com\/inicio\/wp-content\/gallery\/imagens_do_centro\/thumbs\/thumbs_5.png\" data-title=\"5\" data-description=\" \"\t\t\t\t>\n\t\t\t\t\t\t\t\t<img title=\"5\" alt=\"5\" src=\"\n\t\t\t\t\t\t\t\t\t\thttps:\/\/arestaaocubo.com\/inicio\/wp-content\/gallery\/imagens_do_centro\/thumbs\/thumbs_5.png\t\t\t\t\" \n\t\t\t\t\twidth='240' height='160'\t\t\t\t\/>\n\t\t\t\t\t\t\t<\/a>\n\t\t<\/div>\n\t<\/div>\n\n\t\t\t\t\t\t\t\t\t\t\t\t\t\t\n\t\n\t<!-- Pagination -->\n\t\t<div class='ngg-clear'><\/div>\n<\/div>\n\n\t<\/p>\n<\/div><\/div><\/div><\/div><\/div>","protected":false},"excerpt":{"rendered":"<p>Ensino B\u00e1sicoSendo no ensino b\u00e1sico que se desenvolvem as aprendizagens que s\u00e3o a base fundamental para todas as aquisi\u00e7\u00f5es futuras, o Aresta ao Cubo prop\u00f5e-se ajudar os alunos atrav\u00e9s de um acompanhamento di\u00e1rio, nomeadamente no apoio aos trabalhos de casa, na resolu\u00e7\u00e3o de exerc\u00edcios, no esclarecimento de d\u00favidas e na consolida\u00e7\u00e3o das mat\u00e9rias lecionadas, preparando-os &#8230; <a title=\"Ensino\" class=\"read-more\" href=\"https:\/\/arestaaocubo.com\/inicio\/ensino\/\">Ler mais <span class=\"screen-reader-text\">Ensino<\/span><\/a><\/p>\n","protected":false},"author":2,"featured_media":0,"parent":0,"menu_order":0,"comment_status":"closed","ping_status":"closed","template":"","meta":{"ngg_post_thumbnail":0,"footnotes":""},"class_list":["post-51","page","type-page","status-publish"],"_links":{"self":[{"href":"https:\/\/arestaaocubo.com\/inicio\/wp-json\/wp\/v2\/pages\/51","targetHints":{"allow":["GET"]}}],"collection":[{"href":"https:\/\/arestaaocubo.com\/inicio\/wp-json\/wp\/v2\/pages"}],"about":[{"href":"https:\/\/arestaaocubo.com\/inicio\/wp-json\/wp\/v2\/types\/page"}],"author":[{"embeddable":true,"href":"https:\/\/arestaaocubo.com\/inicio\/wp-json\/wp\/v2\/users\/2"}],"replies":[{"embeddable":true,"href":"https:\/\/arestaaocubo.com\/inicio\/wp-json\/wp\/v2\/comments?post=51"}],"version-history":[{"count":8,"href":"https:\/\/arestaaocubo.com\/inicio\/wp-json\/wp\/v2\/pages\/51\/revisions"}],"predecessor-version":[{"id":148,"href":"https:\/\/arestaaocubo.com\/inicio\/wp-json\/wp\/v2\/pages\/51\/revisions\/148"}],"wp:attachment":[{"href":"https:\/\/arestaaocubo.com\/inicio\/wp-json\/wp\/v2\/media?parent=51"}],"curies":[{"name":"wp","href":"https:\/\/api.w.org\/{rel}","templated":true}]}}